(-104)/16*2*-5. Calculate the greatest common factor of n and r.
13
Suppose -2*c - 156 = -2*t, 40*t - 384 = 35*t + 2*c. What is the greatest common factor of 1406 and t?
38
Suppose -224 = -f - 3*f. Let o = -99 + 147. What is the greatest common factor of f and o?
8
Suppose 7*b + 5*u - 310 = 0, 24*b - 19*b = -4*u + 221. Let z = -265 - -400. Calculate the greatest common factor of z and b.
45
Let z be (60 - 9)/(21/56). Let o be (z/12)/((-14)/(-63)). Calculate the greatest common factor of 51 and o.
51
Let g(f) = -f**3 + f**2. Let a be g(0). Suppose 0 = -a*o + 4*o - 20. Suppose u - 8 + o = 0. What is the highest common divisor of u and 21?
3
Let g be ((-40)/6)/((-112)/186480). What is the greatest common factor of 592 and g?
148
Let x = -390 - -397. Let k = 39 + 120. Let n = k - 96. Calculate the highest common factor of n and x.
7
Let y be (1746/6)/(39/26). Calculate the greatest common divisor of y and 16.
2
Let i(x) = -31*x**3 - x**2 - 2*x - 1. Let z be i(-1). Suppose z*p + 98 = 32*p. What is the greatest common divisor of p and 49?
49
Let u be (-10)/(-14) + 11250/126. What is the highest common factor of u and 828?
18
Let s(w) = 14*w - 69. Let h(g) = 12*g - 68. Let x(l) = -6*h(l) + 5*s(l). Let b be x(5). What is the greatest common factor of 212 and b?
53
Let x = -10 - -20. Suppose -32 = -x*s + 9*s. Suppose 206*z - 4*f = 201*z + 16, f = -4*z + 38. What is the greatest common divisor of s and z?
8
Let i = -1484 + 4913. Calculate the greatest common divisor of 108 and i.
27
Suppose -367*c - 9031 + 56914 = -131947. Calculate the highest common factor of c and 4.
2
Suppose 0 = 5*p + c - 1093, -8*c = -19*p - 13*c + 4145. What is the highest common factor of p and 560?
20
Let m be ((-36)/15)/(16/20 - 1). Suppose -m = 3*o + o. Let a be (96 - 1) + (o - (-3 + -3)). What is the greatest common factor of 14 and a?
14
Let h be 0/(-1 - 1) - -96. Let l(f) = 556*f**2 + 13*f + 14. Let p be l(-1). Let n = 621 - p. Calculate the highest common factor of h and n.
32
Let p = -142758 + 142759. Let v = -61 - -94. Let o = v - 23. What is the greatest common factor of o and p?
1
Let c = 151 + -170. Let j be ((-7)/((-7)/c))/(-2 + 1). Calculate the greatest common divisor of j and 76.
19
Let j be (112/20)/((114/(-60))/(-19)). What is the greatest common factor of j and 196?
28
Let b = 16461 + -9747. Calculate the greatest common factor of b and 126.
18
Suppose -524 - 454 = -5*d + 4*z, 5*z = d - 204. Let m = d - 86. Calculate the highest common factor of 12 and m.
12
Let c be -7 + (-11 - -429 - 15). Calculate the greatest common divisor of c and 2277.
99
Let p(m) = -3*m + 69. Suppose -100 = -9*h - 73. Let z be p(h). What is the greatest common factor of 255 and z?
15
Let q(f) = 33*f + 2*f**2 - 8 + 0*f**2 + 71 - 20. Let w be q(-23). What is the greatest common divisor of 38 and w?
38
Suppose -1 = -10*n + 29. Suppose -2*i + n*p = -258, -2*i - 2*p = -6*i + 508. Calculate the highest common divisor of 18 and i.
18
Let t = 4 - -11. Suppose 0 = 2*b - 30*y + 35*y - 385, -200 = -b + 5*y. What is the greatest common divisor of t and b?
15
Suppose -14*u + 12*u + 19 = j, 2*u + 50 = 2*j. What is the greatest common divisor of j and 7889?
23
Let c be ((-23)/(-2))/(141/(-232) - (-75)/120). What is the highest common divisor of 575 and c?
23
Let x be 9/21 - (4 - 1)*174030/(-126). What is the highest common factor of 1008 and x?
112
Let q = -25 - -37. Let y = -30 + 95. Let t = y + 163. Calculate the highest common factor of t and q.
12
Suppose 57*b - 59*b = -126. Let w = -790 - -811. Calculate the greatest common divisor of w and b.
21
Let q be 15/3*((-8)/6 + 31648/120). Calculate the highest common divisor of 24 and q.
8
Suppose 11*m - 8*m = -4*c + 22, m = 5*c - 18. Suppose 202 = 4*k - c*z - 2, -2*k + 3*z = -99. What is the highest common factor of k and 297?
27
Let m be 947 + (-14 - (-6 - -3)). Calculate the highest common divisor of m and 198.
18
Let v(d) = -4*d**3 + 155*d**2 - 71*d + 876. Let o be v(38). What is the highest common factor of o and 90?
10
Let a = 1 - -3. Suppose 75 + 76 = k + a*q, -k - 2*q + 145 = 0. Suppose -224 = -f + k. What is the greatest common factor of 33 and f?
33
Let w be 189/39 + 162/39 + -4. Suppose 2*v = 3*d + 6, -4*v + w*d + 0*d + 14 = 0. What is the highest common factor of 42 and v?
6
Suppose -4*h - 8 - 14 = -5*l, 0 = 2*l + 4*h + 8. Suppose l*g - 146 - 36 = 0. Calculate the highest common factor of 728 and g.
91
Let m be 1401 - (-38 + 20) - (5 - 2). Calculate the highest common factor of 168 and m.
24
Let j(n) = -n**3 - 135*n**2 - 304*n - 3944. Let a be j(-135). Calculate the highest common divisor of 8 and a.
8
Let i(l) = -l**3 + 9*l**2 + 24*l + 21. Let w be i(10). Let a = 171 - w. What is the greatest common factor of a and 10?
10
Let j be ((-17640)/90)/((3/2)/(-3)). What is the highest common factor of j and 637?
49
Let i(d) = -d**3 + 20*d**2 + 14*d - 203. Let h be i(20). Calculate the greatest common factor of 469 and h.
7
Let i(s) be the first derivative of 485*s**2/2 + s - 1. Let a be i(1). Suppose 6*k + 3*k = a. What is the greatest common factor of 36 and k?
18
Let y be 21/(4284/(-24)) - 19/(-17) - -142. Calculate the highest common factor of 77 and y.
11
Let i be ((-3 + 1)/(-6))/(6/54). Let u = 97 - i. Let v = u + -66. What is the highest common factor of 252 and v?
28
Suppose -5*y = -4*r - 2120 + 753, -3*y - 3*r = -831. Let i = -255 + y. What is the highest common factor of i and 70?
10
Let m(c) = 16*c**2 + 42*c + 152. Let y be m(-5). Calculate the highest common divisor of y and 2850.
114
Let q be (-541)/22*2 + 8/44. Let y = q - -69. Let c be (-278)/(-4) + 5/10. Calculate the highest common divisor of y and c.
10
Let q(j) be the third derivative of 0*j + 0 + 27*j**2 + 4/3*j**3 - 1/4*j**4 + 1/60*j**5. Let g be q(17). Calculate the greatest common divisor of g and 15.
15
Let u be 4*152/32 + 109. What is the greatest common divisor of 2784 and u?
32
Suppose -4*b + 34 + 6 = 4*c, 5*c = 5*b. Suppose -52*p + 15134 = -c*p. Calculate the greatest common divisor of 92 and p.
46
Suppose 0*a = 5*p + 5*a, 4*a - 5 = p. Let n be 23 - 18 - (p - 462). Calculate the highest common divisor of n and 36.
36
Let i(f) = f**3 + 14*f**2 + 14*f - 5. Let p be i(-13). Let d(a) = -a**2 - 18*a + 2. Let k be d(p). Calculate the highest common divisor of 62 and k.
2
Let n be (-1)/(1*-1) - 12/4. Let q be (-714)/12 - (-1)/n. Let v = -32 - q. What is the highest common factor of 4 and v?
4
Let r be (8/(-32) - 0) + (-1263)/(-12). Let n be 8 + 360/r - 6/14. Calculate the greatest common divisor of 55 and n.
11
Let m = 424 - 416. Suppose -m*d - 1785 = -23*d. Calculate the greatest common factor of d and 14.
7
Let p(d) = -d**3 + 15*d**2 + 16*d + 35. Let g be p(17). Let z = 446 + g. Calculate the highest common divisor of 75 and z.
25
Suppose -50 = -6*i + 4*i - 2*y, 0 = -2*i - 5*y + 59. Let u = -82 + 137. What is the highest common divisor of i and u?
11
Suppose -81*w + 198*w - 5148 = 0. What is the highest common divisor of 517 and w?
11
Let y be (0 + 60/(-24))*(-8)/10. Suppose 0 = 5*h + 2*o - 944, -h + 326 = -y*o + 130. What is the highest common factor of 57 and h?
19
Let n be (-3)/(-45)*2 + (-159580)/(-150). What is the highest common divisor of n and 280?
56
Suppose 2*h = -13*h + 30. Suppose h*s + s = 720. What is the highest common factor of 90 and s?
30
Let n(i) = -24*i + 4. Let r be n(-7). Suppose 0 = 4*d - 548 - r. What is the highest common divisor of 225 and d?
45
Let a = 98 + -96. Let k be ((-180)/(-15))/(3/a). Suppose -4*v = v - 4*c - 139, -2*c = -k. What is the highest common factor of v and 31?
31
Let m = 188 + -140. Suppose 9*k = 7*k + m. What is the highest common factor of 16 and k?
8
Let k be (6/(-4))/((-6)/(-8))*(40 - 56). Calculate the highest common divisor of k and 2016.
32
Suppose 5*b - 2*b - 3 = 0. Let n(d) = 21*d**2 + 1702*d + 90. Let l be n(-81). Calculate the highest common divisor of b and l.
1
Let m(z) = 2*z**2 - 31*z - 37. Let f be m(17). Let c be 35*(7 - 12 - -15). What is the highest common factor of f and c?
14
Let a = -8613 + 12631. Calculate the highest common factor of 82 and a.
82
Let z(y) = 12*y - 1. Let o be z(-3). Let c = o + 76. What is the greatest common factor of c and 507?
39
Let k = -1699 - -1801. Suppose 3*r = -4*x + 1026, 0 =